 10 and b.
10
Let f(u) = -12*u + 8. Let g be f(-7). Let l = g + -75. What is the greatest common divisor of l and 119?
17
Let o(g) = g - 2. Let w be o(4). Suppose -4*q + 60 = 3*d - 7*d, 0 = -w*d - 6. Suppose 3*n + q = 4*n. What is the highest common factor of n and 12?
12
Suppose 24 = 2*c + 6*c. Suppose -21 = -2*w - g, -g + 34 = c*w + g. Calculate the highest common divisor of w and 16.
8
Suppose 5 = j, -3*y + 107 = -5*y - j. Let z be ((-1)/2)/((-19)/(-4) + -5). Let x be 1 - -2 - z - y. Calculate the highest common divisor of 38 and x.
19
Suppose -8*f + 5*f + 60 = 0. Let b be 6 + 5/(f/(-16)). Suppose 8 = -b*j, a - 2*j = j + 66. What is the highest common factor of 27 and a?
27
Suppose 4 - 14 = -x. Let l = x - 7. Suppose l = o + 2. Calculate the greatest common factor of 4 and o.
1
Let o = 1345 + 1134. Calculate the greatest common divisor of 37 and o.
37
Suppose 223 + 113 = 3*a. What is the greatest common divisor of 16 and a?
16
Let h be (-12)/(18/(-6) + 2). Let y = 21 + -15. What is the greatest common factor of h and y?
6
Suppose -l + 0*l - 16 = 4*b, -5*b = 25. Suppose 5*x = -20, -l*x - 232 = -3*v - 0*x. Calculate the greatest common factor of v and 9.
9
Let h(t) = t + 181. Let o be h(-21). What is the greatest common factor of o and 80?
80
Suppose -3 = -4*f + 13. Suppose 40 = n - f*v, 2*n - v + 2 = 54. Let m = 91 - 85. Calculate the greatest common factor of n and m.
6
Let w(u) = 8*u**2 + 2*u + 1. Let k be w(-1). Let m(z) = -3*z**2 - 2*z**2 + 4*z**2 + 6 + k*z. Let l be m(6). Calculate the highest common factor of l and 24.
12
Let u(h) = -h**2 + 13*h. Let y be u(11). Suppose 8*b = 7*b + y. What is the greatest common factor of 154 and b?
22
Suppose 2*l = -3*q + 62 + 17, -74 = -2*l - 2*q. What is the highest common divisor of 384 and l?
32
Suppose -4 - 7 = z. Let n = z - -37. Let r(u) = -36*u + 3. Let a be r(-1). What is the highest common factor of a and n?
13
Suppose 93 + 579 = 14*j. What is the greatest common factor of 1008 and j?
48
Let d = -17 - -19. Let b = -4 + d. Let z(r) = 4*r**2 - r. Let k be z(b). Calculate the greatest common factor of k and 45.
9
Let r(k) = -k**2 + 4*k + 6. Let b be r(4). Suppose 3*j = b*j - 1200. Suppose 0 = f - j + 136. What is the greatest common factor of 33 and f?
33
Suppose g + 3 = 19. Let k be (-9)/(-2) + 8/g. What is the highest common factor of k and 1?
1
Let c(q) = 19*q + 3. Let z be c(6). Let f = -42 + 49. Suppose p - 6 = f. What is the greatest common divisor of z and p?
13
Let j be (-2 - 25/(-10))*0 - -9. Calculate the greatest common factor of j and 36.
9
Suppose -229 = -q - 5*k - 5, 0 = 4*q + 3*k - 828. Calculate the highest common factor of 68 and q.
68
Let s(f) = 41*f + 47. Let k be s(-1). Calculate the greatest common divisor of 22 and k.
2
Let x be (-159)/(-12)*13 - 6/(-8). Suppose -4*i = -3*g - x, 5*i - 298 = 4*g - 82. What is the greatest common divisor of i and 396?
44
Let r(j) = -160*j**3 - j**2 - 2*j - 1. Let n be r(-1). Let h be (4/5 + (-296)/120)*-6. Calculate the highest common divisor of h and n.
10
Suppose -99 = 4*q - 599. Let p be q/15 + (-6)/(-9). Let k be (-40)/6*p/(-6). Calculate the greatest common factor of 2 and k.
2
Let c(b) = -b**3 - 9*b**2 + 3*b - 54. Let f be c(-10). Let j(r) = -3*r - 2. Let n be j(-6). Calculate the highest common factor of f and n.
16
Let a = 651 - 451. What is the highest common divisor of a and 160?
40
Suppose 3*l + k - 13 = 0, -2*l + 3*k = 5*k - 10. Suppose l*f - 12 = f. Let o(z) = 24*z - 5. Let a be o(f). Calculate the highest common factor of 13 and a.
13
Let l be -3 - -8*(-4)/8. Let r = 11 + l. Suppose -2*z - r = -6*z. Calculate the greatest common factor of 8 and z.
1
Suppose -18 = -f + 4*q + q, -3*f + 2*q + 54 = 0. Let u(h) = h**3 + 7*h**2 + 4*h - 5. Let a be u(-4). Calculate the highest common divisor of f and a.
9
Suppose -7*p + 13 = -92. What is the greatest common factor of 27 and p?
3
Let s(x) = 3*x - 55. Let i be s(23). Let b(y) = y + 8. Let g be b(-8). Let r(d) = d**2 + 21. Let w be r(g). What is the greatest common factor of w and i?
7
Let b(c) = -c**3 - 3*c**2 + 2*c + 160. Let l be b(0). What is the highest common factor of 64 and l?
32
Suppose 0 = 5*m + i - 46, 0 = -2*m + 4*i + 10 + 26. Suppose 18*x - 19*x = -m. Calculate the greatest common divisor of 5 and x.
5
Let a be 1 - (-33 + 6 + -1 + 2). Calculate the highest common divisor of 297 and a.
27
Let j = 43 + -35. Let o be ((-182)/8)/((-2)/j). Let a(z) = -z**3 - 2*z**2 + 5*z + 1. Let p be a(-4). Calculate the greatest common divisor of p and o.
13
Suppose -3*v - 31 = -34*v. What is the greatest common factor of 25 and v?
1
Suppose 58*f - 70*f + 384 = 0. Let m(a) = -81*a - 2. Let d be m(-2). What is the greatest common divisor of d and f?
32
Suppose 480*u - 7665 = 477*u. Calculate the greatest common factor of u and 35.
35
Let n be 7/(-14)*-3*130. What is the greatest common divisor of 39 and n?
39
Let g = 91 + -83. Suppose 2*c = -0*c - 5*a - 684, 0 = -4*c + 2*a - 1416. Let n be ((-18)/g)/(66/c). What is the greatest common factor of 30 and n?
6
Let o be ((-156156)/(-9))/13 - 6/9. Calculate the greatest common divisor of 46 and o.
46
Suppose -17*l = -9*l + 69*l - 1617. Let o be ((-3)/2)/(1/(-70)). Calculate the greatest common factor of o and l.
21
Suppose -2502*n - 99 = -2511*n. Calculate the greatest common factor of 1111 and n.
11
Let v(o) = o**3 - 13*o**2 - 17*o + 49. Let j be v(14). What is the greatest common factor of 7 and j?
7
Let r(g) = 5684 + 16*g + 10*g - 5698. Let w be r(4). Calculate the highest common factor of w and 30.
30
Let k = -50 + 54. Suppose 0 = v - 7*v + 120. Calculate the greatest common factor of v and k.
4
Suppose -9*y - 18 = -12*y. Let p(r) = 2*r**2 - 13*r + 26. Let s be p(y). Calculate the greatest common factor of 30 and s.
10
Let b = 18 - 39. Let a = 11 + b. Let s be (-42)/a + (-16)/80. What is the greatest common factor of 20 and s?
4
Let q be -174*(-20)/(-75)*-5. Calculate the highest common divisor of 58 and q.
58
Let r(z) = z**2 - 2*z + 3. Let n be r(-6). Let v be (260/6)/(34/n). Calculate the greatest common factor of v and 13.
13
Let l be (-8)/(-24) + (-8)/(-3). Suppose m + 1 = 2*b, -2*b - l*m = -0*b - 13. What is the highest common factor of b and 8?
2
Let b be (-32)/(-6) - 4/(-6). Suppose 3*d - 7*u = 111, -2*d = -3*u - 16 - 53. Calculate the highest common divisor of d and b.
6
Let y be -4*(-4 + 52/16). Let c be (24/(-10))/(y/(-45)). Calculate the highest common factor of c and 9.
9
Let i(o) = o - 3. Let r be i(16). What is the highest common divisor of 1 and r?
1
Let t(r) = -34*r + 1. Let g = 0 - 1. Let u be t(g). Suppose 24*v - 163 = 1 + 4. What is the greatest common factor of u and v?
7
Let f(n) = n**2 + 2*n + 2. Let u be f(-3). Suppose -2 = -l + 3*s + 12, s = -u*l + 6. Calculate the highest common divisor of 18 and l.
2
Let z(b) = -b - 2. Let y be z(-6). Let c = -1 - y. Let s(x) = x**3 + 7*x**2 + 5*x + 5. Let g be s(c). What is the greatest common divisor of 12 and g?
6
Let y(q) = 3*q**2 - 11*q - 12. Let u be y(-6). What is the highest common divisor of u and 567?
81
Suppose -2 = k - 12. Let j(o) = -30*o. Let v be j(-3). What is the greatest common divisor of v and k?
10
Let p be 41 + (18/36)/((-2)/24). Calculate the highest common factor of p and 55.
5
Let q be (-1)/(((-35)/45)/7). Suppose 2*p = 5 + q. Calculate the highest common factor of p and 56.
7
Suppose 2*i + 3*i - 775 = 0. What is the greatest common divisor of i and 31?
31
Suppose 25*s + 1320 = 85*s. Calculate the highest common factor of 506 and s.
22
Let g = 493 + -402. What is the highest common divisor of g and 728?
91
Suppose 0 = -478*y + 475*y + 120. Calculate the highest common divisor of y and 170.
10
Suppose -8*n = 85 + 83. Let a = 18 + n. Let h be a*(-2)/2*8. What is the highest common factor of h and 6?
6
Let k = -1330 + 1384. Calculate the greatest common factor of k and 81.
27
Let h(t) = 9*t**2 - 9*t + 9. Let b be h(5). Let v = -438 + b. Let l = -150 - v. What is the highest common factor of 11 and l?
11
Let r(m) = m**3 - m + 19. Let z = -2 + 2. Let l be r(z). What is the greatest common factor of l and 19?
19
Let q be 4/((-9)/((-1431)/12)). What is the greatest common divisor of 53 and q?
53
Let u(a) = 29*a**2 + 62*a - 335. Let m be u(5). What is the greatest com